se -r*y = -4*b - 52, -y - b + 25 = 4*b. Suppose 5*t - 60 - y = 0. What are the prime factors of t?
3, 5
Let l(p) = -p**3 - 4*p**2 + 3*p - 2. Let r = -6 - -12. Let n(i) = i**2 - 7*i + 1. Let x be n(r). What are the prime factors of l(x)?
2
Suppose 0 = -0*z - 3*z. Suppose 3*c + 2*c - 15 = z. Suppose -c*a = -14 - 4. List the prime factors of a.
2, 3
Let h(d) = -d**3 + 18*d**2 - 12*d - 7. List the prime factors of h(17).
2, 3, 13
Let v(p) = -p**2 - p + 3. Let k be v(0). Let w be 8/6*k - -1. Let j = -3 + w. What are the prime factors of j?
2
Let n be (0/(-2) - 0)/(-1). Let z(q) = n*q + 1 + 3 - 10*q + q**2 - q. List the prime factors of z(11).
2
Let q(l) = -1 + l**2 + 1 + 4 + 0*l**2 - l. What are the prime factors of q(0)?
2
Let k = 7 - -1. Suppose -2*m + k = -0*m, -3*a + 2 = -4*m. List the prime factors of a.
2, 3
Let n be 3/(-3) + (2 - 1). Let c(x) = -x + 3. Let k be c(n). Suppose k = j + 4*h + 11, -j = -3*h - 20. List the prime factors of j.
2
Let r(a) = -a + 1. Let m(n) be the first derivative of n**4/4 + 7*n**3/3 + 3*n**2 - 6*n + 2. Let g be m(-6). List the prime factors of r(g).
7
Let a(t) = t**2 + 2*t + 30. List the prime factors of a(-9).
3, 31
Suppose 3*l = 4*o - 82, 2*o = 8*l - 6*l + 52. Let s = l + 32. What are the prime factors of s?
2, 5
Suppose 0 = 7*y - 2*y + 140. What are the prime factors of ((-78)/(-4))/((-21)/y)?
2, 13
Let i(c) = 4*c**3 + 2*c - 2. What are the prime factors of i(2)?
2, 17
Let d(x) = 2*x + 1. Let b be d(-3). Let w = 6 + b. What are the prime factors of (-177)/(-15) - w/(-5)?
2, 3
Let n(i) = 27*i**2 + 16*i + 44. What are the prime factors of n(-4)?
2, 103
Suppose -2*z + 0*z = -4. What are the prime factors of z + 12 + (-2)/2?
13
Let r(l) = 2*l + 5. Let g be r(4). Let v = 35 - g. List the prime factors of v.
2, 11
Suppose -2*d - 12 - 12 = 0. List the prime factors of 2 - (d/4 - 1).
2, 3
Suppose 5*w + 3129 = -3*v, 5*w + v - 2*v = -3117. List the prime factors of ((-2)/8)/(12/w).
13
Let b = 16 + -12. What are the prime factors of (-43 - -13)*(-6)/b?
3, 5
Suppose -2*w = 3*t - 5*w - 33, 2*w + 6 = 0. Suppose 2*i + t = 74. What are the prime factors of i?
3, 11
Let p(q) = q**3 - 14*q**2 + 2*q - 16. List the prime factors of p(14).
2, 3
Let q(a) be the second derivative of -a**5/20 - 5*a**4/6 + 4*a**3/3 - a**2/2 + 9*a. What are the prime factors of q(-11)?
2
Suppose 2*k - b - 4*b - 2 = 0, 5*k - 5 = -3*b. Suppose -k + 7 = 2*p. Suppose p*t - 5 - 31 = 0. List the prime factors of t.
2, 3
Let t(o) = o**3 + 2*o**2 + 1. What are the prime factors of t(2)?
17
Suppose 500 = 4*z + z. Suppose -3*h - 2*o = -22 - z, -80 = -2*h - 2*o. List the prime factors of h.
2, 3, 7
Let c(f) be the second derivative of f**4/6 - 2*f**2 + 2*f. List the prime factors of c(-3).
2, 7
Suppose 4*m + 0 - 6 = -5*q, 11 = 4*q - 3*m. Suppose -q*c + 12 = 4*w, 2*w = -5*c - w + 16. List the prime factors of c/6*54/2.
3
What are the prime factors of (2*6/(-8))/((-2)/4)?
3
Suppose -5*g = -5*r + 125, r = -r - 3*g + 40. List the prime factors of r.
23
Suppose -2*r = -7*r + 80. Let v(h) = h**2 + 14*h - 4. Let s be v(-14). Let p = s + r. What are the prime factors of p?
2, 3
Suppose 2*t - 7*x - 33 = -2*x, t - 10 = -4*x. Let n = t + -10. Suppose j - 24 = -n*b, b + 3 = 2*j - 0*b. List the prime factors of j.
2
Let f = -13 + 18. Let h be (-3 - 2)*(-2)/f. Suppose -h = x - 11. List the prime factors of x.
3
Let d = 184 - 120. Suppose -7 + 22 = 3*f. Suppose f*p = p + d. What are the prime factors of p?
2
Let b = 5 + 25. List the prime factors of (b/(-4))/((-6)/12).
3, 5
Let q(m) = -m**2 - 8*m - 9. Let h be q(-6). Suppose -h*o + o = -8. List the prime factors of o.
2
Suppose -7*c = -2495 + 556. List the prime factors of c.
277
Let u = -38 - -83. List the prime factors of u.
3, 5
Let l(g) = -g**2 - 9*g - 1. Suppose 0 = -a - a + 22. Let n = a - 18. What are the prime factors of l(n)?
13
Suppose 12 = -6*u + 3*u. Let q = u + 3. List the prime factors of (-2)/q*(-3 + 9).
2, 3
Suppose 269 = 6*z - 2023. What are the prime factors of z?
2, 191
Suppose 0 = -3*o - 0*o + 21. Suppose 2*b - o*b = -115. Let r = 33 - b. List the prime factors of r.
2, 5
Let n(o) = -3*o - 4. Let r be (-1)/(3/(-12) + 0). Let p be n(r). Let a = -6 - p. What are the prime factors of a?
2, 5
Let z(w) = -w**3 - 6*w**2 - 4*w + 3. Let n be z(-5). Let d be 3/(-5) + n/5. What are the prime factors of 13 + (d - (-1 - 0))?
13
Suppose -5*o + 3*c = -303, -o + c + 7 = -54. Suppose 2*k + o - 1 = 3*j, -3*j + 44 = -5*k. What are the prime factors of j?
23
Let f = 4 + 20. Let z be ((-3)/1)/(-3)*-1. What are the prime factors of (z/(-3))/(2/f)?
2
Suppose -3*s + 25 = -230. Let h = s - 49. What are the prime factors of h?
2, 3
Let x = 8 + -4. Suppose 0 = x*v + 5 - 77. Suppose -b - b = -v. What are the prime factors of b?
3
Let h(o) = 2*o**2 + 1. Let q be h(-1). Suppose 3*b = q*d + 108, -4*b + 3*b = -4*d - 24. Let i = b - 29. List the prime factors of i.
11
Let o(g) = -7*g**2 + 15*g - 15. Let m(d) = -6*d**2 + 14*d - 14. Let l(b) = 6*m(b) - 5*o(b). What are the prime factors of l(6)?
3
Let m(z) = 23*z. List the prime factors of m(3).
3, 23
Let s(p) = 23*p + 3. What are the prime factors of s(1)?
2, 13
Suppose -3*i + 0*b = b + 8, 4*i - 2*b + 4 = 0. Let r be i/((-5)/(135/(-6))). Let x(n) = -n - 6. List the prime factors of x(r).
3
Let c be (-143)/(-33) + (-4)/(-6). Suppose 0 = -c*j - i + 18, -j - 3*i - 2*i + 18 = 0. What are the prime factors of j?
3
Suppose 5*o - 206 = -4*r - 0*r, 0 = r + 3*o - 55. List the prime factors of r.
7
Suppose 6*x - 2*x + 15 = d, -3*d + 3*x = -18. Suppose 0 = 2*i + i - 33. Let n = i + d. What are the prime factors of n?
2, 7
Let d = 4 - 2. Let t = 2 - d. What are the prime factors of t/(-1) + 2 + 6?
2
Let c(v) = 5*v - 3. Let d(q) = 2*q**3 - 2*q - 3*q**3 - 4 + 0*q**2 - 3*q**2. Let s be d(-3). List the prime factors of c(s).
7
Suppose -2*k = 3*c - 2*c - 10, 14 = 5*k - 3*c. Let j be 2 + (-1 - -15) + 1. Suppose k*i - 69 = -j. List the prime factors of i.
13
Suppose -2*n - 2*p = -p - 10, -4*p - 15 = -3*n. Let g = 1 + n. List the prime factors of g.
2, 3
Let a(d) = -2*d. Let j be a(-1). Suppose 28 = 3*t - 32. Suppose 5*r + t = 2*p - 0, -3*p - j*r = -30. List the prime factors of p.
2, 5
Let w(j) = -j**2 + 10*j - 10. Let s(r) = r**3 - 6*r**2 + 8*r - 7. Let l be s(5). List the prime factors of w(l).
2, 3
Suppose -21 = -k + 56. What are the prime factors of k?
7, 11
List the prime factors of 2264/40 + 2/5.
3, 19
Let d(k) = -k**2 - 7*k - 7. Let n be d(-6). Let c be n*1/(1/(-3)). Suppose 0 = 4*i - c - 53. List the prime factors of i.
2, 7
Let m(p) be the second derivative of 1/6*p**3 + 0 - 2*p - 1/20*p**5 + 1/2*p**2 + 1/3*p**4. List the prime factors of m(4).
5
Let g(v) = 3*v**2 - 3*v + 6. Suppose -4*s = 5*b - 6, s + s + 2*b - 4 = 0. What are the prime factors of g(s)?
2, 3, 7
Let s(y) = 3*y**2 + y. Let a be s(1). List the prime factors of 10/a*(-36)/(-10).
3
Suppose -3*f - 9 = -4*m, 4*m + 4*f = 5 + 11. Suppose 0 = -5*h + 12 + m. Suppose -5*g + 5*p = -5, 2*p - 14 = -h*g + 4. What are the prime factors of g?
2
Suppose 0 = -9*n + 864 - 27. What are the prime factors of n?
3, 31
Let r(j) = 7*j**2 + 3*j + 15. What are the prime factors of r(-5)?
5, 7
Let f(n) = 4*n + n**3 - 3*n**2 + 4 - 3*n**2 + 0*n**3. What are the prime factors of f(6)?
2, 7
Let x be 13/3*3*1. Let a be (-2)/12 - x/(-6). Suppose 0*d - 1 = d + 4*q, -3 = -d - a*q. What are the prime factors of d?
7
Let k = 8 - 6. Let m = k + 2. Suppose y + 3 = 2*y - 2*t, -2*t = -m*y + 18. What are the prime factors of y?
5
What are the prime factors of (0 - 6)*15/(-10)?
3
Let f = -38 - -27. Let l be (-261)/15 + (-6)/10. Let b = f - l. What are the prime factors of b?
7
Suppose -d - 15 = 4*d. Let v be (-15)/(d*1) - 1. Suppose 4*a + 0*a = 20, -2*r = v*a - 38. List the prime factors of r.
3
Suppose -5*q + i + 0*i = -53, 0 = 3*i + 9. Suppose -2*r = -7*r + q. Suppose -12 + 2 = -r*v. List the prime factors of v.
5
Suppose 0 = -2*p + 5*p + 42. Let j be (-8 + 1)*60/p. Let f = j - 21. List the prime factors of f.
3
Let h = 33 - 9. Suppose -b - 4*b = -5*w - 5, -4*b + h = w. What are the prime factors of b?
5
Let z be ((-95)/15)/(2/(-6)). Let c = 35 - z. What are the prime factors of c?
2
Suppose 4*k = 5*i - 824, 2*i - 4*i + 340 = k. What are the prime factors of i?
2, 3, 7
Su